 + 6*m**2 - 92*m + 43. Determine j(-16).
-1045
Let o(s) = 4*s**3 + 105*s**2 + 22*s - 118. Give o(-26).
-14
Let f(u) = u**3 - 48*u**2 + 356*u - 35. Give f(39).
160
Let d(k) = 2*k**2 + 55*k - 489. What is d(7)?
-6
Let s(l) = 162*l - 701. Give s(5).
109
Let f(m) = -55*m + 5453. What is f(100)?
-47
Let y(o) = -o**3 + 33*o**2 + 1795*o + 166. Calculate y(62).
-20
Let k(d) = -d**3 + 4*d**2 + 6*d - 101. What is k(7)?
-206
Let c(w) = -w**2 - 1694*w - 1692. Calculate c(-1).
1
Let o(w) = 8*w**2 - 335*w + 587. What is o(40)?
-13
Let j(u) = u**2 - 25*u - 8391. What is j(105)?
9
Let w(o) = 3*o**3 - 111*o**2 + 107*o + 76. What is w(36)?
40
Let p(f) = 55*f + 58. What is p(0)?
58
Let y(c) = -c**2 - 74*c + 1504. What is y(17)?
-43
Let p(s) = -35*s + 206. Give p(11).
-179
Let j(h) = h**2 - 64*h + 924. Determine j(42).
0
Let t(l) = -2*l**3 - 120*l**2 - 108*l + 586. What is t(-59)?
-4
Let d(j) = j**2 - 46*j + 310. Calculate d(5).
105
Let v(o) = 8*o**3 - 31*o**2 - 4*o + 11. Calculate v(4).
11
Let n(c) = 56*c + 886. Calculate n(-16).
-10
Let s(u) = u**2 + 27*u - 331. Calculate s(-27).
-331
Let v(y) = 2902*y + 17412. What is v(-6)?
0
Let i(g) = 142*g - 1354. Determine i(9).
-76
Let j(y) = 857*y + 12004. Give j(-14).
6
Let u(y) = -353*y - 1647. What is u(-5)?
118
Let v(m) = -329*m + 26662. Determine v(81).
13
Let o(l) = 70*l - 26. Determine o(0).
-26
Let r(u) = -65*u**3 + 39*u**2 - 4*u + 2. Determine r(1).
-28
Let p(h) = h**3 - 42*h**2 + 44*h - 105. Calculate p(41).
18
Let r(d) = 581*d - 583. Determine r(1).
-2
Let y(w) = -381*w + 1888. Determine y(5).
-17
Let y(o) = -68*o**3 + 5*o - 6. Determine y(1).
-69
Let c(x) = x**2 + 12*x - 15. Determine c(-10).
-35
Let d(m) = 5965*m + 23855. What is d(-4)?
-5
Let s(k) = 4*k**2 - 65*k - 55. Determine s(17).
-4
Let n(i) = -618*i**2 - 241*i - 241. Give n(-1).
-618
Let j(n) = 4*n**3 + 250*n**2 - 147*n - 1320. Calculate j(-63).
3
Let d(z) = 890*z - 5309. Give d(6).
31
Let t(d) = 275*d + 20075. What is t(-73)?
0
Let k(h) = 3*h**2 - 44*h + 144. Calculate k(14).
116
Let o(d) = -75*d + 243. Give o(3).
18
Let s(w) = 2*w**2 - 79*w + 83. Give s(32).
-397
Let o(f) = f**3 - 22*f**2 - 37*f + 328. Give o(23).
6
Let v(r) = r**3 - 29*r**2 - 2*r + 87. Give v(29).
29
Let i(h) = 4*h**2 + 84*h + 523. Determine i(-7).
131
Let t(g) = -g**2 - 476*g - 29090. What is t(-72)?
-2
Let o(z) = 86*z - 497. Determine o(6).
19
Let r(m) = -211*m - 371. What is r(-5)?
684
Let q(k) = 2*k**2 - 5*k - 3. Give q(11).
184
Let d(a) = a**2 - 951*a + 5696. Give d(6).
26
Let b(c) = c**3 + 13*c**2 + 962*c - 1981. What is b(2)?
3
Let h(w) = -w**3 - 16*w**2 - 2414*w - 35988. Determine h(-15).
-3
Let j(q) = -2*q**3 - 56*q**2 - 52*q - 28. What is j(-27)?
-82
Let s(r) = 277*r + 2203. Determine s(-8).
-13
Let t(r) = r**3 - 6*r**2 - 41*r - 171. What is t(11)?
-17
Let q(d) = 20*d**2 + 517*d - 106. Give q(-26).
-28
Let h(w) = -w - 165. Calculate h(-34).
-131
Let l(n) = -12*n - 108. What is l(-10)?
12
Let m(z) = -542*z + 8672. What is m(16)?
0
Let y(i) = -6*i**2 + 42*i - 213. What is y(4)?
-141
Let h(l) = l**3 - 18*l**2 - 399*l + 7068. Determine h(17).
-4
Let l(g) = -19*g + 203. What is l(20)?
-177
Let t(y) = y**3 + y**2 + y + 21. What is t(0)?
21
Let w(x) = 7*x**2 + 9*x + 61. What is w(-6)?
259
Let l(k) = 36*k - 632. What is l(18)?
16
Let r(o) = 7*o + 123. Give r(-64).
-325
Let r(u) = -44*u**2 - 246*u - 1. Calculate r(-6).
-109
Let s(a) = 2*a**2 + 17*a - 181. Calculate s(9).
134
Let x(m) = -m**3 - 9*m**2 - 26*m + 14. Give x(-7).
98
Let p(h) = h**3 + 11*h**2 - 15*h + 9. What is p(-12)?
45
Let i(d) = -28*d - 396. What is i(-5)?
-256
Let f(u) = 3*u**2 + 198*u + 1551. Determine f(-57).
12
Let i(o) = -32*o + 967. Calculate i(24).
199
Let r(u) = 102*u - 526. Determine r(5).
-16
Let q(m) = 70*m**2 + 566*m + 40. Calculate q(-8).
-8
Let k(b) = -b + 169. Determine k(168).
1
Let k(w) = -w**2 + 56*w - 225. What is k(52)?
-17
Let x(y) = 14*y - 153. Calculate x(9).
-27
Let f(j) = -j**3 + 186*j**2 - 12*j + 2237. Determine f(186).
5
Let k(p) = p**3 + 37*p**2 + 101*p - 24. Calculate k(-34).
10
Let u(p) = 8*p**2 + 119*p + 81. Determine u(-16).
225
Let z(f) = -f**2 - 227*f + 2616. Calculate z(11).
-2
Let d(s) = 8*s - 41. What is d(16)?
87
Let i(r) = -r**3 - 10*r**2 + 373*r + 3731. Calculate i(-10).
1
Let f(i) = -i**3 + 11*i**2 + 18*i + 18. Calculate f(13).
-86
Let j(b) = -2*b**3 - 29*b**2 - b + 64. Determine j(-14).
-118
Let b(p) = -p**3 - 236*p**2 - 694*p + 1172. Give b(-233).
7
Let s(w) = 2*w**2 + 39*w + 140. Give s(-12).
-40
Let a(l) = 28*l - 57. Calculate a(4).
55
Let t(v) = v**2 - 28*v + 54. What is t(2)?
2
Let k(a) = 3*a**3 + 20*a**2 - 18*a - 76. Determine k(-7).
1
Let w(p) = p**2 - 307*p + 23463. Give w(144).
-9
Let r(g) = 12*g**2 - 140*g - 282. Calculate r(-2).
46
Let w(l) = -7*l**3 - 619*l**2 - 263*l + 93. Calculate w(-88).
5
Let r(i) = 2*i + 25. What is r(-15)?
-5
Let q(h) = -2*h**3 - 9*h**2 - 9*h - 19. Calculate q(-6).
143
Let r(f) = -47*f**2 + 151*f + 2. Determine r(3).
32
Let r(b) = 220*b - 2193. Give r(10).
7
Let g(m) = 7*m**3 + 9*m**2 + 12*m - 14. Calculate g(1).
14
Let y(t) = 45*t + 1354. Give y(-30).
4
Let g(h) = h**3 - 64*h**2 + 345*h + 134. Calculate g(58).
-40
Let j(y) = y**3 - 5*y**2 + 34*y - 9. Give j(3).
75
Let r(j) = -93*j - 4575. Calculate r(-50).
75
Let o(t) = -32*t - 659. Give o(-20).
-19
Let o(c) = -15*c + 496. What is o(30)?
46
Let m(t) = 15*t - 201. Determine m(11).
-36
Let o(j) = 4103*j + 102570. Determine o(-25).
-5
Let o(g) = g**3 - 13*g**2 + 35*g - 51. Calculate o(10).
-1
Let j(h) = -h**3 - 6*h**2 + 6*h + 1. Calculate j(4).
-135
Let m(q) = -11*q**2 - 22*q + 477. What is m(-7)?
92
Let y(k) = k**3 - 114*k**2 + 37*k - 17476. Determine y(115).
4
Let m(n) = 351*n - 2448. Calculate m(7).
9
Let o(u) = 215*u + 28367. What is o(-132)?
-13
Let l(c) = -c**3 - 27*c**2 - 43*c + 135. Give l(-25).
-40
Let j(g) = 7*g**2 + 122*g - 80. Give j(-19).
129
Let q(o) = o**2 + 381*o - 6361. What is q(16)?
-9
Let u(k) = -3*k**2 - 17*k + 53. Determine u(3).
-25
Let g(i) = 9*i**2 + 55*i + 85. Give g(-3).
1
Let s(r) = -2*r**3 - 14*r**2 - 3*r + 7. Determine s(-7).
28
Let i(d) = 2*d**2 - 57*d - 457. Determine i(35).
-2
Let n(s) = -3*s**2 + 8*s + 88. Determine n(-8).
-168
Let v(f) = 9*f**3 + 2*f**2 - 66*f - 67. What is v(-1)?
-8
Let u(c) = 471*c - 3773. Give u(8).
-5
Let u(z) = z**3 - 5*z**2 + 21*z - 97. Give u(4).
-29
Let i(r) = 3*r**2 + 21*r - 233. Give i(-15).
127
Let r(v) = -70*v + 1423. Determine r(23).
-187
Let l(n) = n**3 - 8*n**2 + 10*n - 10. Give l(6).
-22
Let i(q) = -q**3 - 10*q**2 + 3*q + 28. What is i(-5)?
-112
Let r(b) = -2*b**2 - 56*b - 363. What is r(-12)?
21
Let d(t) = -573*t + 3444. Calculate d(6).
6
Let l(p) = 6*p**2 + 2*p - 11. Give l(6).
217
Let d(k) = 65*k - 518. Calculate d(8).
2
Let h(i) = -71*i + 46. Give h(1).
-25
Let d(o) = o**3 - 19*o**2 + 47*o - 524. Calculate d(18).
-2
Let l(z) = 336*z - 1340. Determine l(4).
4
Let m(t) = -t**3 - 9*t**2 + 37*t + 236. What is m(-10)?
-34
Let d(f) = -97*f**3 + 2*f**2 - 3*f + 1. Determine d(1).
-97
Let d(c) = -c**3 + 4*c**2 + 13*c - 32. What is d(2)?
2
Let m(w) = -w**3 - 5*w**2 - 9*w + 10. What is m(3)?
-89
Let p(g) = -2*g**3 + 31*g**2 + 17*g - 13. Give p(16).
3
Let c(j) = -7*j + 100. Give c(15).
-5
Let x(o) = -5*o - 100. Calculate x(52).
-360
Let k(f) = 2*f**2 - 23*f + 28. Determine k(15).
133
Let i(q) = 127*q + 830. Determine i(-6).
68
Let k(f) = -600*f + 32952. Determine k(55).
-48
Let d(k) = 69*k + 395. Give d(-6).
-19
Let j(z) = z**3 + 11*z**2 + 44*z + 45. Determine j(-7).
-67
Let s(h) = -3*h - 87. What is s(18)?
-141
Let c(i) = -13*i**2 + 2677*i - 5359. Calculate c(2).
-57
Let u(k) = -132*k**3 - k**2 + 2*k - 1. What is u(1)?
-132
Let s(u) = 805*u - 24193. Determine s(30).
-43
Let o(b) = 2*b**2 - 63. What is o(6)?
9
Let o(g) = -122*g - 713. Calculate o(-6).
19
Let p(u) = -u - 78. What is p(-6)?
-72
Let l(g) = -11*g**2 + 537*g + 537. Calculate l(-1).
-11
Let k(s) = 201*s + 235. Determine k(-5).
-770
Let p(a) = -a**2 - 119*a - 3437. Give p(-53).
61
Let h(f) = -3*f**3 - 82*f**2 - 25*f - 14. Determine h(-27).
-68
Let b(u) = -320*u**3 - 1601*u**2 - 4*u - 1. What is b(-5)?
-6
Let j(y) = -11*y**2 - 74*y - 485. Determine j(-7).
-506
Let k(d) = 10*d**3 + d**2 + 12*d + 28. What is k(-2)?
-72
Let m(n) = 23*n + 130. Calculate m(-5).
15
Let t(